{"id":6,"date":"2025-03-21T10:05:05","date_gmt":"2025-03-21T09:05:05","guid":{"rendered":"http:\/\/amourlaiternel.com\/?page_id=6"},"modified":"2025-03-31T11:53:57","modified_gmt":"2025-03-31T09:53:57","slug":"prendre-rendez-vous","status":"publish","type":"page","link":"https:\/\/amourlaiternel.com\/index.php\/prendre-rendez-vous\/","title":{"rendered":"Prendre rendez-vous"},"content":{"rendered":"<div data-colibri-id=\"6-c1\" class=\"style-196 style-local-6-c1 position-relative\">\n  <!----><\/p>\n<div data-colibri-component=\"section\" data-colibri-id=\"6-c2\" id=\"initial-content\" class=\"h-section h-section-global-spacing d-flex align-items-lg-center align-items-md-center align-items-center style-197 style-local-6-c2 position-relative\">\n    <!----><br \/>\n    <!----><\/p>\n<div class=\"h-section-grid-container h-section-boxed-container\">\n      <!----><\/p>\n<div data-colibri-id=\"6-c3\" class=\"h-row-container gutters-row-lg-2 gutters-row-md-2 gutters-row-0 gutters-row-v-lg-2 gutters-row-v-md-2 gutters-row-v-2 style-198 style-local-6-c3 position-relative\">\n        <!----><\/p>\n<div class=\"h-row justify-content-lg-start justify-content-md-start justify-content-start align-items-lg-stretch align-items-md-stretch align-items-stretch gutters-col-lg-2 gutters-col-md-2 gutters-col-0 gutters-col-v-lg-2 gutters-col-v-md-2 gutters-col-v-2\">\n          <!----><\/p>\n<div class=\"h-column h-column-container d-flex h-col-lg-auto h-col-md-auto h-col-auto style-199-outer style-local-6-c4-outer\">\n<div data-colibri-id=\"6-c4\" class=\"d-flex h-flex-basis h-column__inner h-px-lg-2 h-px-md-2 h-px-2 v-inner-lg-2 v-inner-md-2 v-inner-2 style-199 style-local-6-c4 position-relative\">\n              <!----><br \/>\n              <!----><\/p>\n<div class=\"w-100 h-y-container h-column__content h-column__v-align flex-basis-100 align-self-lg-start align-self-md-start align-self-start\">\n                <!----><\/p>\n<div data-colibri-id=\"6-c5\" class=\"style-200 style-local-6-c5 position-relative h-element\">\n                  <!----><\/p>\n<div>\n\n\n<h2 class=\"wp-block-heading\"><strong>Consultations \u00e0 distance (Visio\/T\u00e9l\u00e9phone)<\/strong><\/h2>\n\n\n\n<hr class=\"wp-block-separator has-alpha-channel-opacity\"\/>\n\n\n\n<!-- D\u00e9but de widget de lien Calendly -->\n                    <link href=\"https:\/\/assets.calendly.com\/assets\/external\/widget.css\" rel=\"stylesheet\">\n                    <script src=\"https:\/\/assets.calendly.com\/assets\/external\/widget.js\" type=\"text\/javascript\" async=\"\"><\/script>\n                    <a href=\"\" onclick=\"Calendly.initPopupWidget({url: 'https:\/\/calendly.com\/ibclc-amourlaiternel\/30min'});return false;\">Planifier une consultations \u00e0 distance<\/a>\n                    <!-- Fin de widget de lien Calendly -->\n\n\n\n<hr class=\"wp-block-separator has-alpha-channel-opacity\"\/>\n\n\n\n<h2 class=\"wp-block-heading\"><strong>Consultations allaitement<\/strong><\/h2>\n\n\n\n<hr class=\"wp-block-separator has-alpha-channel-opacity\"\/>\n\n\n\n<!-- D\u00e9but de widget de lien Calendly -->\n                    <link href=\"https:\/\/assets.calendly.com\/assets\/external\/widget.css\" rel=\"stylesheet\">\n                    <script src=\"https:\/\/assets.calendly.com\/assets\/external\/widget.js\" type=\"text\/javascript\" async=\"\"><\/script>\n                    <a href=\"\" onclick=\"Calendly.initPopupWidget({url: 'https:\/\/calendly.com\/ibclc-amourlaiternel\/preparation-a-l-allaitement'});return false;\">Planifier une pr\u00e9paration \u00e0 l\u2019allaitement<\/a>\n                    <!-- Fin de widget de lien Calendly -->\n\n\n\n<hr class=\"wp-block-separator has-alpha-channel-opacity\"\/>\n\n\n\n<!-- D\u00e9but de widget de lien Calendly -->\n                    <link href=\"https:\/\/assets.calendly.com\/assets\/external\/widget.css\" rel=\"stylesheet\">\n                    <script src=\"https:\/\/assets.calendly.com\/assets\/external\/widget.js\" type=\"text\/javascript\" async=\"\"><\/script>\n                    <a href=\"\" onclick=\"Calendly.initPopupWidget({url: 'https:\/\/calendly.com\/ibclc-amourlaiternel\/consultation-allaitement'});return false;\">Planifier une consultation allaitement<\/a>\n                    <!-- Fin de widget de lien Calendly -->\n\n\n\n<hr class=\"wp-block-separator has-alpha-channel-opacity\"\/>\n\n\n\n<!-- D\u00e9but de widget de lien Calendly -->\n                    <link href=\"https:\/\/assets.calendly.com\/assets\/external\/widget.css\" rel=\"stylesheet\">\n                    <script src=\"https:\/\/assets.calendly.com\/assets\/external\/widget.js\" type=\"text\/javascript\" async=\"\"><\/script>\n                    <a href=\"\" onclick=\"Calendly.initPopupWidget({url: 'https:\/\/calendly.com\/ibclc-amourlaiternel\/suivi-allaitement'});return false;\">Planifier un suivi allaitement<\/a>\n                    <!-- Fin de widget de lien Calendly -->\n\n\n\n<hr class=\"wp-block-separator has-alpha-channel-opacity\"\/>\n\n\n\n<!-- D\u00e9but de widget de lien Calendly -->\n                    <link href=\"https:\/\/assets.calendly.com\/assets\/external\/widget.css\" rel=\"stylesheet\">\n                    <script src=\"https:\/\/assets.calendly.com\/assets\/external\/widget.js\" type=\"text\/javascript\" async=\"\"><\/script>\n                    <a href=\"\" onclick=\"Calendly.initPopupWidget({url: 'https:\/\/calendly.com\/ibclc-amourlaiternel\/reprise-du-travail'});return false;\">Planifier une reprise du travail<\/a>\n                    <!-- Fin de widget de lien Calendly -->\n\n\n\n<hr class=\"wp-block-separator has-alpha-channel-opacity\"\/>\n\n\n\n<!-- D\u00e9but de widget de lien Calendly -->\n                    <link href=\"https:\/\/assets.calendly.com\/assets\/external\/widget.css\" rel=\"stylesheet\">\n                    <script src=\"https:\/\/assets.calendly.com\/assets\/external\/widget.js\" type=\"text\/javascript\" async=\"\"><\/script>\n                    <a href=\"\" onclick=\"Calendly.initPopupWidget({url: 'https:\/\/calendly.com\/ibclc-amourlaiternel\/sevrage'});return false;\">Planifier un sevrage<\/a>\n                    <!-- Fin de widget de lien Calendly -->\n\n\n\n<hr class=\"wp-block-separator has-alpha-channel-opacity\"\/>\n\n\n\n<h2 class=\"wp-block-heading\"><strong>Urgences (RDV sous 24 \u00e0 48h)<\/strong><\/h2>\n\n\n\n<hr class=\"wp-block-separator has-alpha-channel-opacity\"\/>\n\n\n\n<!-- D\u00e9but de widget de lien Calendly -->\n                    <link href=\"https:\/\/assets.calendly.com\/assets\/external\/widget.css\" rel=\"stylesheet\">\n                    <script src=\"https:\/\/assets.calendly.com\/assets\/external\/widget.js\" type=\"text\/javascript\" async=\"\"><\/script>\n                    <a href=\"\" onclick=\"Calendly.initPopupWidget({url: 'https:\/\/calendly.com\/ibclc-amourlaiternel\/urgences'});return false;\">Planifier une urgences semaine<\/a>\n                    <!-- Fin de widget de lien Calendly -->\n\n\n\n<hr class=\"wp-block-separator has-alpha-channel-opacity\"\/>\n\n\n\n<!-- D\u00e9but de widget de lien Calendly -->\n                    <link href=\"https:\/\/assets.calendly.com\/assets\/external\/widget.css\" rel=\"stylesheet\">\n                    <script src=\"https:\/\/assets.calendly.com\/assets\/external\/widget.js\" type=\"text\/javascript\" async=\"\"><\/script>\n                    <a href=\"\" onclick=\"Calendly.initPopupWidget({url: 'https:\/\/calendly.com\/ibclc-amourlaiternel\/urgences-week-end'});return false;\">Planifier une urgences Week-End<\/a>\n                    <!-- Fin de widget de lien Calendly -->\n\n\n\n<ul class=\"wp-block-social-links is-layout-flex wp-block-social-links-is-layout-flex\"><li class=\"wp-social-link wp-social-link-instagram  wp-block-social-link\"><a href=\"https:\/\/www.instagram.com\/amourlaiternel_ibclc?utm_source=ig_web_button_share_sheetu0026igsh=ZDNlZDc0MzIxNw==\" class=\"wp-block-social-link-anchor\"><svg width=\"24\" height=\"24\" viewBox=\"0 0 24 24\" version=\"1.1\" xmlns=\"http:\/\/www.w3.org\/2000\/svg\" aria-hidden=\"true\" focusable=\"false\"><path d=\"M12,4.622c2.403,0,2.688,0.009,3.637,0.052c0.877,0.04,1.354,0.187,1.671,0.31c0.42,0.163,0.72,0.358,1.035,0.673 c0.315,0.315,0.51,0.615,0.673,1.035c0.123,0.317,0.27,0.794,0.31,1.671c0.043,0.949,0.052,1.234,0.052,3.637 s-0.009,2.688-0.052,3.637c-0.04,0.877-0.187,1.354-0.31,1.671c-0.163,0.42-0.358,0.72-0.673,1.035 c-0.315,0.315-0.615,0.51-1.035,0.673c-0.317,0.123-0.794,0.27-1.671,0.31c-0.949,0.043-1.233,0.052-3.637,0.052 s-2.688-0.009-3.637-0.052c-0.877-0.04-1.354-0.187-1.671-0.31c-0.42-0.163-0.72-0.358-1.035-0.673 c-0.315-0.315-0.51-0.615-0.673-1.035c-0.123-0.317-0.27-0.794-0.31-1.671C4.631,14.688,4.622,14.403,4.622,12 s0.009-2.688,0.052-3.637c0.04-0.877,0.187-1.354,0.31-1.671c0.163-0.42,0.358-0.72,0.673-1.035 c0.315-0.315,0.615-0.51,1.035-0.673c0.317-0.123,0.794-0.27,1.671-0.31C9.312,4.631,9.597,4.622,12,4.622 M12,3 C9.556,3,9.249,3.01,8.289,3.054C7.331,3.098,6.677,3.25,6.105,3.472C5.513,3.702,5.011,4.01,4.511,4.511 c-0.5,0.5-0.808,1.002-1.038,1.594C3.25,6.677,3.098,7.331,3.054,8.289C3.01,9.249,3,9.556,3,12c0,2.444,0.01,2.751,0.054,3.711 c0.044,0.958,0.196,1.612,0.418,2.185c0.23,0.592,0.538,1.094,1.038,1.594c0.5,0.5,1.002,0.808,1.594,1.038 c0.572,0.222,1.227,0.375,2.185,0.418C9.249,20.99,9.556,21,12,21s2.751-0.01,3.711-0.054c0.958-0.044,1.612-0.196,2.185-0.418 c0.592-0.23,1.094-0.538,1.594-1.038c0.5-0.5,0.808-1.002,1.038-1.594c0.222-0.572,0.375-1.227,0.418-2.185 C20.99,14.751,21,14.444,21,12s-0.01-2.751-0.054-3.711c-0.044-0.958-0.196-1.612-0.418-2.185c-0.23-0.592-0.538-1.094-1.038-1.594 c-0.5-0.5-1.002-0.808-1.594-1.038c-0.572-0.222-1.227-0.375-2.185-0.418C14.751,3.01,14.444,3,12,3L12,3z M12,7.378 c-2.552,0-4.622,2.069-4.622,4.622S9.448,16.622,12,16.622s4.622-2.069,4.622-4.622S14.552,7.378,12,7.378z M12,15 c-1.657,0-3-1.343-3-3s1.343-3,3-3s3,1.343,3,3S13.657,15,12,15z M16.804,6.116c-0.596,0-1.08,0.484-1.08,1.08 s0.484,1.08,1.08,1.08c0.596,0,1.08-0.484,1.08-1.08S17.401,6.116,16.804,6.116z\"><\/path><\/svg><span class=\"wp-block-social-link-label screen-reader-text\">Instagram<\/span><\/a><\/li>\n\n<li class=\"wp-social-link wp-social-link-mail  wp-block-social-link\"><a href=\"mailto:&#105;b&#099;&#108;c&#064;&#097;&#109;o&#117;&#114;l&#097;&#105;&#116;&#101;r&#110;el&#046;&#099;&#111;&#109;\" class=\"wp-block-social-link-anchor\"><svg width=\"24\" height=\"24\" viewBox=\"0 0 24 24\" version=\"1.1\" xmlns=\"http:\/\/www.w3.org\/2000\/svg\" aria-hidden=\"true\" focusable=\"false\"><path d=\"M19,5H5c-1.1,0-2,.9-2,2v10c0,1.1.9,2,2,2h14c1.1,0,2-.9,2-2V7c0-1.1-.9-2-2-2zm.5,12c0,.3-.2.5-.5.5H5c-.3,0-.5-.2-.5-.5V9.8l7.5,5.6,7.5-5.6V17zm0-9.1L12,13.6,4.5,7.9V7c0-.3.2-.5.5-.5h14c.3,0,.5.2.5.5v.9z\"><\/path><\/svg><span class=\"wp-block-social-link-label screen-reader-text\">E-mail<\/span><\/a><\/li><\/ul>\n\n\n\n<p><\/p>\n\n\n<\/div><\/div>\n<\/p><\/div>\n<\/p><\/div>\n<\/p><\/div>\n<\/p><\/div>\n<\/p><\/div>\n<\/p><\/div>\n<\/p><\/div>\n<\/div>","protected":false},"excerpt":{"rendered":"<p>Consultations \u00e0 distance (Visio\/T\u00e9l\u00e9phone) Planifier une consultations \u00e0 distance Consultations allaitement Planifier une [&hellip;]<\/p>\n","protected":false},"author":1,"featured_media":21,"parent":0,"menu_order":0,"comment_status":"closed","ping_status":"closed","template":"page-templates\/full-width-page.php","meta":{"footnotes":""},"class_list":["post-6","page","type-page","status-publish","has-post-thumbnail","hentry"],"yoast_head":"<!-- This site is optimized with the Yoast SEO plugin v24.7 - https:\/\/yoast.com\/wordpress\/plugins\/seo\/ -->\n<title>Prendre rendez-vous - D\u00e9borah HERBER - Consultante en Lactation IBCLC<\/title>\n<meta name=\"robots\" content=\"index, follow, max-snippet:-1, max-image-preview:large, max-video-preview:-1\" \/>\n<link rel=\"canonical\" href=\"https:\/\/amourlaiternel.com\/index.php\/prendre-rendez-vous\/\" \/>\n<meta property=\"og:locale\" content=\"fr_FR\" \/>\n<meta property=\"og:type\" content=\"article\" \/>\n<meta property=\"og:title\" content=\"Prendre rendez-vous - D\u00e9borah HERBER - Consultante en Lactation IBCLC\" \/>\n<meta property=\"og:description\" content=\"Consultations \u00e0 distance (Visio\/T\u00e9l\u00e9phone) Planifier une consultations \u00e0 distance Consultations allaitement Planifier une [&hellip;]\" \/>\n<meta property=\"og:url\" content=\"https:\/\/amourlaiternel.com\/index.php\/prendre-rendez-vous\/\" \/>\n<meta property=\"og:site_name\" content=\"D\u00e9borah HERBER - Consultante en Lactation IBCLC\" \/>\n<meta property=\"article:modified_time\" content=\"2025-03-31T09:53:57+00:00\" \/>\n<meta property=\"og:image\" content=\"https:\/\/amourlaiternel.com\/wp-content\/uploads\/2025\/03\/logo-transparent-png.png\" \/>\n\t<meta property=\"og:image:width\" content=\"4000\" \/>\n\t<meta property=\"og:image:height\" content=\"3726\" \/>\n\t<meta property=\"og:image:type\" content=\"image\/png\" \/>\n<meta name=\"twitter:card\" content=\"summary_large_image\" \/>\n<script type=\"application\/ld+json\" class=\"yoast-schema-graph\">{\"@context\":\"https:\/\/schema.org\",\"@graph\":[{\"@type\":\"WebPage\",\"@id\":\"https:\/\/amourlaiternel.com\/index.php\/prendre-rendez-vous\/\",\"url\":\"https:\/\/amourlaiternel.com\/index.php\/prendre-rendez-vous\/\",\"name\":\"Prendre rendez-vous - D\u00e9borah HERBER - Consultante en Lactation IBCLC\",\"isPartOf\":{\"@id\":\"https:\/\/amourlaiternel.com\/#website\"},\"primaryImageOfPage\":{\"@id\":\"https:\/\/amourlaiternel.com\/index.php\/prendre-rendez-vous\/#primaryimage\"},\"image\":{\"@id\":\"https:\/\/amourlaiternel.com\/index.php\/prendre-rendez-vous\/#primaryimage\"},\"thumbnailUrl\":\"https:\/\/amourlaiternel.com\/wp-content\/uploads\/2025\/03\/logo-transparent-png.png\",\"datePublished\":\"2025-03-21T09:05:05+00:00\",\"dateModified\":\"2025-03-31T09:53:57+00:00\",\"breadcrumb\":{\"@id\":\"https:\/\/amourlaiternel.com\/index.php\/prendre-rendez-vous\/#breadcrumb\"},\"inLanguage\":\"fr-FR\",\"potentialAction\":[{\"@type\":\"ReadAction\",\"target\":[\"https:\/\/amourlaiternel.com\/index.php\/prendre-rendez-vous\/\"]}]},{\"@type\":\"ImageObject\",\"inLanguage\":\"fr-FR\",\"@id\":\"https:\/\/amourlaiternel.com\/index.php\/prendre-rendez-vous\/#primaryimage\",\"url\":\"https:\/\/amourlaiternel.com\/wp-content\/uploads\/2025\/03\/logo-transparent-png.png\",\"contentUrl\":\"https:\/\/amourlaiternel.com\/wp-content\/uploads\/2025\/03\/logo-transparent-png.png\",\"width\":4000,\"height\":3726},{\"@type\":\"BreadcrumbList\",\"@id\":\"https:\/\/amourlaiternel.com\/index.php\/prendre-rendez-vous\/#breadcrumb\",\"itemListElement\":[{\"@type\":\"ListItem\",\"position\":1,\"name\":\"Accueil\",\"item\":\"https:\/\/amourlaiternel.com\/\"},{\"@type\":\"ListItem\",\"position\":2,\"name\":\"Prendre rendez-vous\"}]},{\"@type\":\"WebSite\",\"@id\":\"https:\/\/amourlaiternel.com\/#website\",\"url\":\"https:\/\/amourlaiternel.com\/\",\"name\":\"D\u00e9borah HERBER - Consultante en Lactation IBCLC\",\"description\":\"D\u00e9borah soutient votre allaitement\",\"publisher\":{\"@id\":\"https:\/\/amourlaiternel.com\/#organization\"},\"potentialAction\":[{\"@type\":\"SearchAction\",\"target\":{\"@type\":\"EntryPoint\",\"urlTemplate\":\"https:\/\/amourlaiternel.com\/?s={search_term_string}\"},\"query-input\":{\"@type\":\"PropertyValueSpecification\",\"valueRequired\":true,\"valueName\":\"search_term_string\"}}],\"inLanguage\":\"fr-FR\"},{\"@type\":\"Organization\",\"@id\":\"https:\/\/amourlaiternel.com\/#organization\",\"name\":\"D\u00e9borah HERBER - Consultante en Lactation IBCLC\",\"url\":\"https:\/\/amourlaiternel.com\/\",\"logo\":{\"@type\":\"ImageObject\",\"inLanguage\":\"fr-FR\",\"@id\":\"https:\/\/amourlaiternel.com\/#\/schema\/logo\/image\/\",\"url\":\"https:\/\/amourlaiternel.com\/wp-content\/uploads\/2025\/03\/cropped-cropped-cropped-logo-transparent-png-1-1.png\",\"contentUrl\":\"https:\/\/amourlaiternel.com\/wp-content\/uploads\/2025\/03\/cropped-cropped-cropped-logo-transparent-png-1-1.png\",\"width\":3726,\"height\":3726,\"caption\":\"D\u00e9borah HERBER - Consultante en Lactation IBCLC\"},\"image\":{\"@id\":\"https:\/\/amourlaiternel.com\/#\/schema\/logo\/image\/\"},\"sameAs\":[\"https:\/\/www.instagram.com\/amourlaiternel_ibclc\/#\"]}]}<\/script>\n<!-- \/ Yoast SEO plugin. -->","yoast_head_json":{"title":"Prendre rendez-vous - D\u00e9borah HERBER - Consultante en Lactation IBCLC","robots":{"index":"index","follow":"follow","max-snippet":"max-snippet:-1","max-image-preview":"max-image-preview:large","max-video-preview":"max-video-preview:-1"},"canonical":"https:\/\/amourlaiternel.com\/index.php\/prendre-rendez-vous\/","og_locale":"fr_FR","og_type":"article","og_title":"Prendre rendez-vous - D\u00e9borah HERBER - Consultante en Lactation IBCLC","og_description":"Consultations \u00e0 distance (Visio\/T\u00e9l\u00e9phone) Planifier une consultations \u00e0 distance Consultations allaitement Planifier une [&hellip;]","og_url":"https:\/\/amourlaiternel.com\/index.php\/prendre-rendez-vous\/","og_site_name":"D\u00e9borah HERBER - Consultante en Lactation IBCLC","article_modified_time":"2025-03-31T09:53:57+00:00","og_image":[{"width":4000,"height":3726,"url":"https:\/\/amourlaiternel.com\/wp-content\/uploads\/2025\/03\/logo-transparent-png.png","type":"image\/png"}],"twitter_card":"summary_large_image","schema":{"@context":"https:\/\/schema.org","@graph":[{"@type":"WebPage","@id":"https:\/\/amourlaiternel.com\/index.php\/prendre-rendez-vous\/","url":"https:\/\/amourlaiternel.com\/index.php\/prendre-rendez-vous\/","name":"Prendre rendez-vous - D\u00e9borah HERBER - Consultante en Lactation IBCLC","isPartOf":{"@id":"https:\/\/amourlaiternel.com\/#website"},"primaryImageOfPage":{"@id":"https:\/\/amourlaiternel.com\/index.php\/prendre-rendez-vous\/#primaryimage"},"image":{"@id":"https:\/\/amourlaiternel.com\/index.php\/prendre-rendez-vous\/#primaryimage"},"thumbnailUrl":"https:\/\/amourlaiternel.com\/wp-content\/uploads\/2025\/03\/logo-transparent-png.png","datePublished":"2025-03-21T09:05:05+00:00","dateModified":"2025-03-31T09:53:57+00:00","breadcrumb":{"@id":"https:\/\/amourlaiternel.com\/index.php\/prendre-rendez-vous\/#breadcrumb"},"inLanguage":"fr-FR","potentialAction":[{"@type":"ReadAction","target":["https:\/\/amourlaiternel.com\/index.php\/prendre-rendez-vous\/"]}]},{"@type":"ImageObject","inLanguage":"fr-FR","@id":"https:\/\/amourlaiternel.com\/index.php\/prendre-rendez-vous\/#primaryimage","url":"https:\/\/amourlaiternel.com\/wp-content\/uploads\/2025\/03\/logo-transparent-png.png","contentUrl":"https:\/\/amourlaiternel.com\/wp-content\/uploads\/2025\/03\/logo-transparent-png.png","width":4000,"height":3726},{"@type":"BreadcrumbList","@id":"https:\/\/amourlaiternel.com\/index.php\/prendre-rendez-vous\/#breadcrumb","itemListElement":[{"@type":"ListItem","position":1,"name":"Accueil","item":"https:\/\/amourlaiternel.com\/"},{"@type":"ListItem","position":2,"name":"Prendre rendez-vous"}]},{"@type":"WebSite","@id":"https:\/\/amourlaiternel.com\/#website","url":"https:\/\/amourlaiternel.com\/","name":"D\u00e9borah HERBER - Consultante en Lactation IBCLC","description":"D\u00e9borah soutient votre allaitement","publisher":{"@id":"https:\/\/amourlaiternel.com\/#organization"},"potentialAction":[{"@type":"SearchAction","target":{"@type":"EntryPoint","urlTemplate":"https:\/\/amourlaiternel.com\/?s={search_term_string}"},"query-input":{"@type":"PropertyValueSpecification","valueRequired":true,"valueName":"search_term_string"}}],"inLanguage":"fr-FR"},{"@type":"Organization","@id":"https:\/\/amourlaiternel.com\/#organization","name":"D\u00e9borah HERBER - Consultante en Lactation IBCLC","url":"https:\/\/amourlaiternel.com\/","logo":{"@type":"ImageObject","inLanguage":"fr-FR","@id":"https:\/\/amourlaiternel.com\/#\/schema\/logo\/image\/","url":"https:\/\/amourlaiternel.com\/wp-content\/uploads\/2025\/03\/cropped-cropped-cropped-logo-transparent-png-1-1.png","contentUrl":"https:\/\/amourlaiternel.com\/wp-content\/uploads\/2025\/03\/cropped-cropped-cropped-logo-transparent-png-1-1.png","width":3726,"height":3726,"caption":"D\u00e9borah HERBER - Consultante en Lactation IBCLC"},"image":{"@id":"https:\/\/amourlaiternel.com\/#\/schema\/logo\/image\/"},"sameAs":["https:\/\/www.instagram.com\/amourlaiternel_ibclc\/#"]}]}},"_links":{"self":[{"href":"https:\/\/amourlaiternel.com\/index.php\/wp-json\/wp\/v2\/pages\/6","targetHints":{"allow":["GET"]}}],"collection":[{"href":"https:\/\/amourlaiternel.com\/index.php\/wp-json\/wp\/v2\/pages"}],"about":[{"href":"https:\/\/amourlaiternel.com\/index.php\/wp-json\/wp\/v2\/types\/page"}],"author":[{"embeddable":true,"href":"https:\/\/amourlaiternel.com\/index.php\/wp-json\/wp\/v2\/users\/1"}],"replies":[{"embeddable":true,"href":"https:\/\/amourlaiternel.com\/index.php\/wp-json\/wp\/v2\/comments?post=6"}],"version-history":[{"count":20,"href":"https:\/\/amourlaiternel.com\/index.php\/wp-json\/wp\/v2\/pages\/6\/revisions"}],"predecessor-version":[{"id":934,"href":"https:\/\/amourlaiternel.com\/index.php\/wp-json\/wp\/v2\/pages\/6\/revisions\/934"}],"wp:featuredmedia":[{"embeddable":true,"href":"https:\/\/amourlaiternel.com\/index.php\/wp-json\/wp\/v2\/media\/21"}],"wp:attachment":[{"href":"https:\/\/amourlaiternel.com\/index.php\/wp-json\/wp\/v2\/media?parent=6"}],"curies":[{"name":"wp","href":"https:\/\/api.w.org\/{rel}","templated":true}]}}